sands digit of 6735415?
5
What is the hundreds digit of 53781?
7
What is the tens digit of 5397477?
7
What is the units digit of 670367?
7
What is the units digit of 493518?
8
What is the ten thousands digit of 1085206?
8
What is the units digit of 527470?
0
What is the hundred thousands digit of 270223?
2
What is the hundred thousands digit of 343941?
3
What is the units digit of 28857?
7
What is the units digit of 4136030?
0
What is the tens digit of 93520?
2
What is the hundreds digit of 17136618?
6
What is the thousands digit of 319534?
9
What is the units digit of 390765?
5
What is the hundred thousands digit of 301523?
3
What is the ten thousands digit of 5559113?
5
What is the tens digit of 215754?
5
What is the hundreds digit of 593748?
7
What is the hundreds digit of 1368541?
5
What is the tens digit of 31777341?
4
What is the hundreds digit of 624561?
5
What is the hundred thousands digit of 434405?
4
What is the hundreds digit of 796611?
6
What is the hundreds digit of 500618?
6
What is the thousands digit of 143712?
3
What is the ten thousands digit of 2150439?
5
What is the units digit of 478462?
2
What is the ten thousands digit of 77904?
7
What is the millions digit of 3237392?
3
What is the units digit of 24434?
4
What is the millions digit of 9420323?
9
What is the hundred thousands digit of 8132000?
1
What is the tens digit of 4976973?
7
What is the hundreds digit of 8943446?
4
What is the hundred thousands digit of 2062159?
0
What is the hundred thousands digit of 7513114?
5
What is the units digit of 67375?
5
What is the tens digit of 9919638?
3
What is the tens digit of 3157727?
2
What is the hundred thousands digit of 22058114?
0
What is the millions digit of 1911520?
1
What is the tens digit of 756511?
1
What is the hundred thousands digit of 6535255?
5
What is the tens digit of 524664?
6
What is the units digit of 1371305?
5
What is the hundreds digit of 959954?
9
What is the ten thousands digit of 86908?
8
What is the tens digit of 21211?
1
What is the hundreds digit of 2577644?
6
What is the units digit of 351837?
7
What is the thousands digit of 420151?
0
What is the hundreds digit of 844714?
7
What is the tens digit of 440650?
5
What is the thousands digit of 526489?
6
What is the thousands digit of 88240?
8
What is the ten thousands digit of 865391?
6
What is the ten thousands digit of 4424752?
2
What is the tens digit of 359073?
7
What is the hundreds digit of 309852?
8
What is the tens digit of 742154?
5
What is the units digit of 64924?
4
What is the ten thousands digit of 13607344?
0
What is the millions digit of 10716140?
0
What is the hundred thousands digit of 16581668?
5
What is the tens digit of 183150?
5
What is the thousands digit of 363733?
3
What is the hundreds digit of 359159?
1
What is the hundred thousands digit of 3134847?
1
What is the thousands digit of 69980?
9
What is the hundreds digit of 1859675?
6
What is the hundreds digit of 5572178?
1
What is the tens digit of 312893?
9
What is the ten thousands digit of 17896309?
9
What is the units digit of 1777533?
3
What is the millions digit of 1898472?
1
What is the tens digit of 172050?
5
What is the units digit of 365344?
4
What is the units digit of 299650?
0
What is the hundreds digit of 22705681?
6
What is the tens digit of 24724791?
9
What is the hundred thousands digit of 147659?
1
What is the hundred thousands digit of 106760?
1
What is the tens digit of 312470?
7
What is the ten thousands digit of 105782?
0
What is the millions digit of 8270113?
8
What is the hundreds digit of 1231252?
2
What is the ten thousands digit of 173461?
7
What is the units digit of 216652?
2
What is the thousands digit of 173155?
3
What is the ten millions digit of 13279436?
1
What is the units digit of 2190784?
4
What is the units digit of 27677?
7
What is the hundred thousands digit of 1972314?
9
What is the ten thousands digit of 839000?
3
What is the hundred thousands digit of 328863?
3
What is the units digit of 35131?
1
What is the units digit of 18567556?
6
What is the ten millions digit of 26131253?
2
What is the units digit of 171904?
4
What is the hundreds digit of 2224635?
6
What is the thousands digit of 9497?
9
What is the hundreds digit of 26023870?
8
What is the ten thousands digit of 46935?
4
What is the hundred thousands digit of 1140362?
1
What is the thousands digit of 2787078?
7
What is the thousands digit of 2968144?
8
What is the thousands digit of 645006?
5
What is the units digit of 1642836?
6
What is the thousands digit of 8886400?
6
What is the ten thousands digit of 772742?
7
What is the hundred thousands digit of 6980694?
9
What is the tens digit of 329271?
7
What is the hundred thousands digit of 113148?
1
What is the units digit of 633475?
5
What is the hundred thousands digit of 2944372?
9
What is the hundreds digit of 5104317?
3
What is the hundred thousands digit of 2684665?
6
What is the millions digit of 4432447?
4
What is the hundred thousands digit of 153225?
1
What is the ten thousands digit of 91576?
9
What is the thousands digit of 2215014?
5
What is the millions digit of 32364472?
2
What is the thousands digit of 13653556?
3
What is the units digit of 19929?
9
What is the hundreds digit of 133593?
5
What is the tens digit of 1900037?
3
What is the units digit of 34247?
7
What is the tens digit of 13925997?
9
What is the thousands digit of 23858277?
8
What is the hundred thousands digit of 4250547?
2
What is the hundreds digit of 6547137?
1
What is the hundred thousands digit of 12328442?
3
What is the hundreds digit of 250760?
7
What is the tens digit of 775630?
3
What is the millions digit of 40290100?
0
What is the thousands digit of 32774017?
4
What is the hundreds digit of 1202505?
5
What is the thousands digit of 5211592?
1
What is the thousands digit of 14087064?
7
What is the hundreds digit of 762917?
9
What is the ten thousands digit of 139722?
3
What is the tens digit of 832761?
6
What is the hundred thousands digit of 263838?
2
What is the tens digit of 225359?
5
What is the thousands digit of 54322?
4
What is the hundreds digit of 1275268?
2
What is the hundred thousands digit of 133505?
1
What is the hundreds digit of 274022?
0
What is the ten thousands digit of 287173?
8
What is the hundreds digit of 29082?
0
What is the hundreds digit of 2035822?
8
What is the tens digit of 7419209?
0
What is the hundred thousands digit of 131262?
1
What is the thousands digit of 3206188?
6
What is the ten thousands digit of 947634?
4
What is the thousands digit of 105970?
5
What is the hundreds digit of 170431?
4
What is the hundreds digit of 9601612?
6
What is the units digit of 1200356?
6
What is the millions digit of 1647390?
1
What is the hundred thousands digit of 16053940?
0
What is the ten thousands digit of 7061304?
6
What is the hundreds digit of 577995?
9
What is the thousands digit of 221046?
1
What is the hundred thousands digit of 1466901?
4
What is the hundreds digit of 18829406?
4
What is the hundred thousands digit of 8680662?
6
What is the thousands digit of 17791845?
1
What is the hundred thousands digit of 742106?
7
What is the units digit of 12291806?
6
What is the hundred thousands digit of 3086283?
0
What is the ten millions digit of 12257184?
1
What is the hundred thousands digit of 3676835?
6
What is the hundred thousands digit of 106807?
1
What is the units digit of 4368916?
6
What is the units digit of 28559487?
7
What is the hundred thousands digit of 479028?
4
What is the thousands digit of 9618551?
8
What is the thousands digit of 3315?
3
What is the hundreds digit of 2381990?
9
What is the ten thousands digit of 692457?
9
What is the hundred thousands digit of 256927?
2
What is the thousands digit of 817871?
7
What is the hundred thousands digit of 394629?
3
What is the hundreds digit of 136106?
1
What is the tens digit of 12255000?
0
What is the hundred thousands digit of 9876273?
8
What is the thousands digit of 4154302?
4
What is the millions digit of 44823334?
4
What is the tens digit of 74284?
8
What is the tens digit of 3082880?
8
What is the units digit of 811411?
1
What is the millions digit of 2746865?
2
What is the hundred thousands digit of 381829?
3
What is the ten thousands dig